*u = 19*u + 99001. Is u composite?
False
Let v(l) = -8760*l - 40. Let d be v(-2). Suppose -4078 - d = -6*a. Is a a composite number?
False
Let m = 42540 + -61800. Let y = 554 - m. Is y a prime number?
False
Let a(x) = -13*x**3 - 3*x**2 - 5*x + 10. Let j = -57 + 29. Let n = j + 23. Is a(n) a prime number?
False
Let j(f) = 91*f**2 - 56*f + 2173. Is j(-132) a prime number?
True
Let a be (-3 - (-14)/4)*180/18. Suppose -w + 13673 = x, a*w + 2*x = -217 + 68570. Is w a prime number?
True
Suppose -2*c + 16407 = 1415. Let f(r) = r**2 - 4*r - 15. Let y be f(7). Suppose y*q - c = -2*q. Is q composite?
False
Suppose 0 = -175*v + 183*v - 32. Is (v/8)/(2/6572) composite?
True
Suppose -35320 = -5*c + 7400. Suppose -2*g + 4*m = -8530, 4*g - 2*g = -3*m + c. Is g prime?
False
Let u(o) = o**3 + o**2 + 3*o + 18. Let v be u(0). Suppose 6 = -6*k - v. Is -1478*1/(-22) - k/(-22) a prime number?
True
Let r(q) = 7*q - 2. Let k be r(1). Suppose -2*z = k*b - 2322, -5*b - z + 2904 = 583. Suppose -4*t + 5*t = -5*u + b, 0 = -3*t - 2*u + 1366. Is t a prime number?
False
Let h = 31 + -6. Let k be 1/4 - (-8925)/204. Let x = h + k. Is x composite?
True
Suppose 3 = 3*i, -5*w + 24 = 2*i - 58. Suppose -k + 3*m = k - 11, -4*m = -3*k + w. Suppose 3*n = -k*r + 451, -n - 295 = -3*n + 3*r. Is n prime?
True
Let v(c) = 2*c**3 + c**2 - 8*c + 5. Let n = -77 + 73. Let y be v(n). Is 9609/15 - -3*(-10)/y a composite number?
False
Let f = 8 + -8. Suppose i + 3*h - 19 = 0, 3*h = -3*i + 27 - f. Suppose i*t = -2*t + 13842. Is t a prime number?
False
Suppose -2*b = -273 + 285. Is (-573)/b*(-112)/(-8) a composite number?
True
Let m = -5042 + 3044. Let i = 3557 + m. Suppose 3*p - i = -s, -5*p = -3*p + 5*s - 1022. Is p composite?
False
Let h be (-1017408)/72 - (-1)/(9/(-3)). Let z = h + 24392. Is z prime?
False
Let g(y) = 12*y**2 + 4*y + 8. Let m be g(9). Suppose 5*v = 529 + m. Suppose -d = -v - 170. Is d a prime number?
True
Is 15269 + 8/3*-6 a composite number?
True
Let j(y) be the first derivative of 413*y**2 - 5*y - 41. Let u be j(10). Suppose 0*h + 5*f - 4090 = -h, 5*f + u = 2*h. Is h composite?
True
Let j be (-1811)/4 - ((-76)/16 + 4). Is (-8)/5 + (-12)/(-20) - j composite?
True
Let w be 10/(-45) - (-76)/18. Suppose -10 = -w*k - k. Suppose 5*b + 6571 = 4*x, b + b = -k*x + 3272. Is x composite?
True
Let a be (-10)/3 - -3 - (-21)/9. Is -2307*2/(-12)*a composite?
False
Let o(i) = 2*i + 27. Let x be o(-12). Suppose 2*l - 2076 = 5*z, 4*l - 58 = x*z + 4108. Is l composite?
True
Let p(i) = -6*i + 451. Let t = -71 + 73. Suppose -h + 1 - 3 = -2*o, -4*o = t*h + 4. Is p(o) a prime number?
False
Suppose -3*t + 62899 = -2*m - 290666, -4*m = -2*t + 235718. Is t prime?
False
Let a(q) be the third derivative of -3*q**6/10 + 7*q**4/24 - 3*q**3/2 + 22*q**2. Is a(-4) prime?
True
Let a(h) = 8*h**2 - 3*h - 4. Suppose -3*u - 5*r + 30 = 0, 0*r + r = 5*u - 78. Suppose 4*i = -t - 25, 0 = -0*i - 4*i + t - u. Is a(i) a composite number?
False
Let b(i) be the third derivative of -i**4/6 - 5*i**3/6 + 35*i**2. Let x be b(-3). Suppose -x*z + 21383 = 3*c - 3*z, c - 5*z = 7096. Is c prime?
True
Suppose -120 = -29*m + 24*m. Suppose 3*q + f - 16 = -0*f, -4*f = 2*q - m. Suppose o - 3*x - 566 = 0, 0 = 5*o - 3*x + q*x - 2782. Is o a composite number?
False
Let s be 9/(45/380) + 2. Suppose -9332 = s*o - 82*o. Is o prime?
True
Suppose -16 + 0 = -4*g. Let t = -1 + g. Suppose 2*m - 1177 = -3*i, 3*i - 2*i = -t*m + 404. Is i prime?
True
Let o = -131034 + 228335. Is o a prime number?
True
Let s be 26506/6 + (-8)/12. Let i = 996 - 865. Suppose 4*o - i = s. Is o prime?
False
Let i(u) = 52*u**2 - 2*u - 1. Let z be i(-2). Let w = 63 + z. Let b = w - -35. Is b composite?
True
Suppose -3*j = -4*l + 56, 2*l - 30 = -4*j + 20. Let p = 20 - l. Suppose -p*t + 394 = -3923. Is t composite?
False
Suppose -439*t = -440*t - 4*s + 26639, 133147 = 5*t + 4*s. Is t prime?
True
Let j(x) = -2*x**3 - 3*x**2 + 10*x + 14. Let c be j(-5). Let s = 139 - c. Suppose 5*z + s*z = 725. Is z composite?
True
Is (-641368 + -3)*(-3 - 10/(10 - 15)) a prime number?
True
Suppose 336*x - 332*x - 20 = 0. Suppose x*f - 10896 = -2691. Is f composite?
True
Is 113278576/618*6/8 a prime number?
False
Is (-1)/(6/(-268))*(-1101834)/(-492) a composite number?
True
Suppose 0 = -5*w + w + 8. Suppose -15 = -3*l, 0 = -s + w*l - 6*l + 5059. Is s prime?
True
Suppose 0 = 37*t - 9*t - 876738 - 796598. Is t prime?
False
Suppose 4*b = z - 154699, 2*b = -5*z + 6*z - 154695. Is z a prime number?
True
Let g be 35/14*(-73410)/25. Let o = g + 10888. Is o a composite number?
False
Let v(s) = 62*s**3 - 13*s**2 + 59*s + 27. Is v(5) a prime number?
False
Suppose 13*y - 7*y = -240. Let g be (-320472)/y - 2/(-10). Let m = -1071 + g. Is m a composite number?
True
Let b be 447 + 0 - (-5 - (-54)/9). Suppose b = 5*p - 5239. Is p a prime number?
False
Suppose -17547133 = -205*a - 3783638. Is a prime?
True
Let y(g) = 22*g**2 - 10*g - 312 + 172 + 155. Is y(8) a composite number?
True
Suppose -4*l = -4*b - 12, 8*l - 3*l = -2*b + 15. Suppose b = 11*s - 68793 - 8493. Suppose -3*u - s = -9*u. Is u a prime number?
True
Suppose -18 = -b - 97. Suppose 4*i = 3*h - 1438, i = 7*h - 2*h - 2425. Let p = b + h. Is p a prime number?
False
Suppose 52216 = 2*p + 4*p + 5*h, -5*h + 8711 = p. Suppose 0 = -3*b + 3681 - 18063. Let y = b + p. Is y a prime number?
True
Let o(h) be the third derivative of -85*h**4/24 + 223*h**3/6 - 3*h**2 - 6*h. Is o(-7) a composite number?
True
Let f = 116706 - 28637. Is f prime?
True
Let v be (7 - 1)/(2/1965). Suppose 2*q - 1937 = v. Suppose q = -2*j + 6*j. Is j prime?
False
Let h(d) = d**3 + 128*d**2 + 264*d + 716. Is h(-77) prime?
True
Let k(y) = -y + 16. Let p be k(11). Suppose -4*m = 5*g + 13, -p = 4*m - 2*g - g. Is (2/(-3))/(m/777) a prime number?
False
Let b = -126 - -243. Is 195222/78 - (-18)/b a prime number?
True
Suppose 33297 - 4697 = -8*s. Let z = 8206 + s. Let i = z - 2898. Is i a prime number?
True
Suppose s = 2*u - 1, -s + u = -0*u - 2. Let v = 9 + s. Suppose -v*r + 9*r + 635 = 0. Is r composite?
False
Let b be (-5)/5*-8 + 1*3. Suppose b*h - 10*h = -821. Is (-1)/1*(h + 0) prime?
True
Let q(l) = -9*l + 52. Let d be q(4). Let m(t) = 18*t + 107. Is m(d) a prime number?
False
Suppose 31*y = 30*y + 4*t + 9, -5*y = 2*t - 23. Suppose 3*o + 196 = y*q - 81, 0 = -3*q - 2*o + 151. Is q a prime number?
True
Suppose 2*w = -5*f - 6372, 0*f = -3*f - w - 3823. Let n = f - -12711. Is n composite?
False
Suppose 3*r = 6*k + 547053, 5*r = 29*k - 25*k + 911701. Is r prime?
True
Suppose -5*b - 205 = -n, -b = 3*n - 5*n + 32. Is 24/b + 10343/7 composite?
True
Let s be ((-7728)/16)/(0 + (-9)/24). Is s/(-12)*9/(-6) + 2 composite?
False
Let q be (5/(-15))/((-4)/36). Suppose -4*b + 2717 = 3*z - 0*b, -2*b + 2719 = q*z. Suppose 5*a - 3859 = -y + 580, a = -5*y + z. Is a a composite number?
False
Suppose -144 = 4*k - 40. Let y be (-39)/k + (-1 - (-1)/2). Is y/(7/2) - (-61485)/35 prime?
False
Let r be ((-20)/(-3) + -2)*1044/203. Is r/((-12)/(-2)) - -187 prime?
True
Let z(m) = 14*m + 187. Let t be z(-13). Suppose -3736 = -r + j - 739, 3*r = t*j + 8987. Is r prime?
True
Suppose -n - i + 21 = -0*n, -5*i = -5*n + 75. Suppose 13*h + 3815 = n*h. Is h prime?
False
Let v be ((-10)/3)/((-35)/42). Suppose 0 = 4*b + 5*i - 10568, 3237 = b - v*i + 574. Is b a composite number?
False
Let x(u) = 32*u + 13. Let j(y) = 2*y + 4. Let g be j(11). Suppose g - 86 = -4*k. Is x(k) a prime number?
False
Let o = -72 + 76. Suppose -o*d - 5*i + 5097 = 878, 2*i = -d + 1051. Is d a prime number?
True
Let a(y) = 689*y + 283*y + 34*y - 29. Is a(6) a composite number?
False
Suppose -2*d + 5552365 = 8*d + 858375. Is d a prime number?
False
Suppose -u + 13179 = 4*c, -10*c - 15 = -13*c. Is u prime?
True
Suppose 3*o - i - 2*i = 52479, -2*o + 5*i = -34992. Suppose -2*b + 6365 = -2*n - 641, -n + o = 5*b. Is b prime?
True
Let i be (-63)/14*((-80)/15 - -4). Suppose -14*b + 2552 = -i*b. Is b a composite number?
True
Let j = -30 - -32. Suppose 0 = 2*y - 2*v - 4, -5*v - 10 = -5*y + j*y. Is ((-2879)/(-2))/(1/(2 + y)) composite?
False
Suppose -m + 1 = g, 3*g - 3*m + 3 - 12 = 0. Suppose g*j + 1041 = -3*h + 9452, 2*j - 5*h = 8387. Is j composite?
False
Let r(i) = -i + 36. Let v be r(7). Let s be v/(-29) + (584 - (2 - 1)). Suppose 0 = 3*x - 9*x + s. Is x composite